mmon divisor of 55 and q.
11
Suppose -2*y + 29 = u, 3*y - 3*u - 28 = 2. Let d(l) = -l + 5. Let j be d(3). Suppose -i = j*i - 429. Calculate the greatest common factor of i and y.
13
Let g be 9/((-18)/(-68)) + -2. Calculate the greatest common divisor of 160 and g.
32
Let u(n) = -n**2 - n + 5. Let h = -3 - -3. Let z be u(h). Let o(i) = 4*i + 1. Let l be o(1). Calculate the greatest common factor of l and z.
5
Let n be -6 + 0 - (-2 + 2). Let c(z) be the first derivative of -3*z**2 - 6*z - 1. Let f be c(n). Calculate the greatest common divisor of 15 and f.
15
Suppose 4*r = -5*f + 38, -5*f - 2 + 26 = 2*r. Calculate the greatest common factor of 1 and r.
1
Let s be ((-96)/15)/(3/(-30)). What is the greatest common divisor of 8 and s?
8
Let f be 2*(-2 - -3) - -34. Suppose 0 = 2*c - 44 - f. Suppose 4*r + h = -0*h + c, h + 5 = r. What is the highest common factor of r and 36?
9
Suppose 4*d - 3 = -4*l + 21, 3 = d. Suppose -2*h + 30 = l*h. Suppose y - 9 = 4*u + h, -2*u = 0. Calculate the highest common factor of y and 165.
15
Let u(n) = -n**3 + 11*n**2 + 14*n - 14. Let l be u(12). Calculate the greatest common factor of l and 4.
2
Let a be 10/(-1)*13/(-2). Let c(d) = 4*d + 10. Let g be c(4). Calculate the highest common factor of a and g.
13
Suppose -4*d - 57 + 213 = 0. Suppose 24 + d = 3*m. What is the highest common factor of m and 7?
7
Suppose -22 = -46*k + 44*k. Calculate the greatest common factor of k and 55.
11
Let h(t) = -t**3 + 6*t**2 + 13*t + 3. Let r be h(7). What is the greatest common factor of r and 18?
9
Let o = 129 - 91. Let p = o + -20. Calculate the highest common divisor of p and 90.
18
Let s(c) be the second derivative of c + 4*c + 10*c**3 - 3*c. Let h be s(2). Calculate the greatest common divisor of h and 15.
15
Let f(y) = -8*y + 2. Let p be f(-2). Suppose 10 = 2*r - 0. Suppose -47 = -r*s + d, 2*d + 3*d = -4*s + 26. Calculate the greatest common divisor of s and p.
9
Let b = 3 + -1. Let s be (-60)/8*b*-4. Suppose 3*r + s = 8*r. What is the highest common divisor of 12 and r?
12
Suppose 574 - 198 = -4*r. Let h = r + 134. Calculate the greatest common divisor of 10 and h.
10
Suppose -12 = 19*m - 21*m. Let q = -4 - -3. Let i be (q/1)/((-2)/132). Calculate the highest common factor of i and m.
6
Suppose -3*r + 11 = -4. Let k = 119 - 84. What is the greatest common divisor of k and r?
5
Suppose -4*b + 42 = 3*g, -2*b - 1 = -b - 5*g. Let l(p) = 2*p - 3. Let j be (-4)/(-3) - 4/(-6). Let k be l(j). What is the greatest common factor of k and b?
1
Suppose 0 = -3*b - b + 240. Let c be 4/12 - 112/(-6). Suppose -5*x + 4*t = -61 - c, 2*x - 4*t - 44 = 0. What is the highest common factor of x and b?
12
Let q be 6/(-3) + 12/2. Let d be (q - -2) + -2 + 0. Suppose 0 = 2*h + 2*h - d. What is the highest common factor of h and 9?
1
Let x = 695 + -490. What is the highest common divisor of 82 and x?
41
Let j be (-99)/(((-2)/(-4))/(-1)). Let h = 7 - -15. What is the highest common divisor of h and j?
22
Let q = -2 + 18. What is the greatest common factor of 48 and q?
16
Let t(u) = -u**3 + 4*u**2 - 2*u - 1. Let g be t(2). Suppose g*p + 2*p = 70. Calculate the highest common factor of p and 112.
14
Let t(b) = b + 19. Let x be t(-18). Calculate the highest common divisor of x and 8.
1
Let c(v) = -8*v + 1. Let a be c(-4). Let z = a + -6. What is the highest common divisor of 18 and z?
9
Suppose -5*m + 2*p + 2 = 0, -2*m - 2*p = -4*p + 4. Let a be 0/1 - (2 - 1). Let h be (26 - 2) + m + a. Calculate the highest common divisor of 5 and h.
5
Let n = 3 + 20. Calculate the highest common divisor of 207 and n.
23
Let y be -39*((-2)/4)/((-18)/(-24)). What is the greatest common factor of 234 and y?
26
Let z(k) = -k**3 + k**2 - 2*k - 1. Let p be z(5). Let m = -23 - p. Calculate the highest common divisor of m and 11.
11
Let n = 43 + -18. Suppose 0 = 2*x - 3*l - n, 0*l + 3 = -l. Suppose -3*f + x = f. What is the highest common factor of f and 18?
2
Let b(h) = 2*h + 4. Let p be b(-6). Let u(s) = s**3 + 8*s**2 - 10*s + 1. Let x be u(p). Suppose 0*z + x = 3*z. What is the greatest common divisor of 18 and z?
9
Let m be (-1)/(-5) - 177/(-15). Let k = m + 18. Let g be (-18)/(-15)*(8 + -3). What is the highest common divisor of g and k?
6
Let l(j) = 4*j**2 + 3*j. Let p be l(-2). Suppose -5*x = -9*x + 40. Calculate the greatest common factor of p and x.
10
Let z(q) = -q**3 + 0*q + 6 + 10*q**2 - 15 - 3*q. Let g be z(9). Calculate the highest common factor of g and 18.
9
Let j = -90 + 133. What is the highest common divisor of j and 86?
43
Suppose j - 56 = -j. Let i be 336/(-6)*(1 + -2). Suppose 2*r + 2*r = i. Calculate the highest common factor of j and r.
14
Let h = 1 - 1. Suppose -5*t + 34 + 66 = h. Calculate the highest common factor of 5 and t.
5
Let z = 11 + 29. Suppose -6 = 2*k + k. Let t be (-3)/k*(-120)/(-18). Calculate the greatest common factor of z and t.
10
Let f = -2 + 5. Let g be (f/1)/(1/5). Calculate the highest common divisor of g and 6.
3
Suppose 4*m + 4 = 0, -4*u + 2*m - 12 = -70. Suppose 5*d - 3*d - u = 0. Calculate the greatest common factor of 56 and d.
7
Suppose 2*n + 2*n - 89 = -3*p, p - 18 = n. Calculate the highest common factor of p and 184.
23
Let s = 7 + -5. Let n be 24*s*2/4. Let l = -27 + 35. Calculate the greatest common factor of n and l.
8
Let y = 52 + 4. Suppose -10 = 3*d + 4*j, 12 = -2*d + 5*j + 36. Let a be d/5 - 114/(-15). What is the greatest common factor of a and y?
8
Let d = 57 + -138. Let c = 129 + d. Let z be (0/2)/(-3) - -6. What is the greatest common factor of c and z?
6
Let v be -3*(1 + 69/(-9)). Suppose -16 = -7*q + 40. Calculate the greatest common factor of q and v.
4
Let h(f) = -f + 5. Let i be h(0). Let m be i*(0 + (-1 - -3)). Let r(v) = 11*v**2 - v. Let l be r(1). Calculate the greatest common divisor of l and m.
10
Let c be (((-14)/6)/(-7))/((-2)/(-24)). What is the highest common divisor of c and 36?
4
Suppose -4*v - 3 = -v, 5*o - 14 = 4*v. Let m(q) = 3*q + 5. Let i be m(11). Suppose -i = -o*l + 16. What is the greatest common divisor of l and 9?
9
Let d(u) = u**3 - 4*u**2 - 4*u + 6. Let h be d(5). Let l(w) = -w**2 + 17*w - 31. Let b be l(14). What is the highest common factor of b and h?
11
Let a(r) = 3*r**2 - 6*r - 5. Let t be a(-5). Let f(g) = 21*g**2 - g. Let u be f(1). What is the greatest common divisor of t and u?
20
Suppose -14 - 10 = -k. Suppose c + c - 30 = 0. Suppose 3*r - 51 + c = 0. What is the greatest common divisor of r and k?
12
Suppose -5*d + 129 = r, -16 = -4*r - 0*r. Calculate the highest common factor of d and 225.
25
Let j(w) = w**2 + 11*w + 22. Let z be j(-11). What is the greatest common factor of z and 55?
11
Suppose -19 - 5 = 4*u. Let w = u - 0. Let y(v) = -7*v + 8. Let t be y(w). What is the greatest common divisor of 10 and t?
10
Let z = 50 + 346. Suppose 0*f = -4*f + z. Suppose -w + l - 1 = -4*l, -5*l = -5*w + 35. What is the greatest common factor of f and w?
9
Let c(p) = -2*p**2 - 20*p + 1. Let o be c(-9). What is the highest common factor of 209 and o?
19
Suppose w - 6*w = -3*h - 43, -2*h = 3*w - 22. Let o = 22 - 14. What is the greatest common factor of w and o?
8
Suppose 12 = 4*d - 0. What is the greatest common factor of 15 and d?
3
Let y = -16 - -25. Suppose -g = -r - r + 5, -2*g + r - 16 = 0. Let n = g + 15. Calculate the greatest common divisor of y and n.
3
Suppose -3*z + 30 = 5*c - 183, c - 3*z = 57. Let p be 1/((-76)/20 + 4). Calculate the greatest common factor of p and c.
5
Suppose 5*z + u = 286 - 32, -2*z - 4*u + 116 = 0. Let q(l) = l**3 + 8*l**2 - 3*l - 4. Let o be q(-8). Calculate the highest common factor of o and z.
10
Let y(f) be the first derivative of 2*f**3 + f - 4. Let i be y(1). Suppose v = 71 - i. What is the highest common factor of v and 8?
8
Let k = -18 - -12. Let v be k*1/(-2) - -3. Let c = 78 - v. What is the greatest common divisor of 9 and c?
9
Let h(z) = -4*z**3 - 3*z**2 + 4. Let y be h(-4). Let u = y + -307. Let k = u + 149. What is the highest common divisor of 6 and k?
6
Let v be 4/(-10) + (-22)/(-5). Let a = 1 - 19. Let m = a - -50. Calculate the highest common factor of v and m.
4
Let z = 35 + -33. Suppose -6 = -x - 3*n + 1, -z*x + 69 = -5*n. Suppose 0 = 5*p + 3*m - 16, 0*p = 2*p - 5*m + 6. Calculate the highest common divisor of x and p.
2
Suppose